{"id":803,"date":"2024-04-25T15:51:38","date_gmt":"2024-04-25T15:51:38","guid":{"rendered":"https:\/\/www.merkafarma.com\/blog\/?post_type=product&#038;p=803"},"modified":"2024-04-25T23:04:06","modified_gmt":"2024-04-25T23:04:06","slug":"condones-de-latex-prudence-clasico-20-condones","status":"publish","type":"product","link":"https:\/\/www.merkafarma.com\/blog\/producto\/condones-de-latex-prudence-clasico-20-condones\/","title":{"rendered":"Condones De L\u00e1tex Prudence Cl\u00e1sico 20 Condones"},"content":{"rendered":"<p>Condones De L\u00e1tex Prudence Cl\u00e1sico 20 Unidades<\/p>\n<p>Preservativo masculino de hule l\u00e1tex, lubricado con silic\u00f3n y con un ligero aroma a vainilla. Dise\u00f1ado para proporcionar una experiencia suave.<\/p>\n<p>El producto se entrega en empaques que aseguran la integridad del contenido y mantienen la confidencialidad sobre su naturaleza.<\/p>\n<p>Este art\u00edculo es de uso personal y la responsabilidad de su utilizaci\u00f3n recae en el consumidor y en quien lo recomiende.<\/p>\n<p>\u00abSi persisten las molestias consulte a su m\u00e9dico\u00bb No se recomienda la automedicaci\u00f3n.<\/p>\n","protected":false},"excerpt":{"rendered":"<ul class=\"ui-vpp-highlighted-specs__features-list\">\n<li class=\"ui-vpp-highlighted-specs__features-list-item ui-pdp-color--BLACK ui-pdp-size--XSMALL ui-pdp-family--REGULAR\">Paquete con 20 unidades para asegurar disponibilidad cuando sea necesario.<\/li>\n<li class=\"ui-vpp-highlighted-specs__features-list-item ui-pdp-color--BLACK ui-pdp-size--XSMALL ui-pdp-family--REGULAR\">Fabricados en l\u00e1tex de alta calidad para proporcionar seguridad y protecci\u00f3n.<\/li>\n<\/ul>\n","protected":false},"featured_media":804,"comment_status":"open","ping_status":"closed","template":"","meta":[],"product_brand":[],"product_cat":[19],"product_tag":[],"class_list":{"0":"post-803","1":"product","2":"type-product","3":"status-publish","4":"has-post-thumbnail","6":"product_cat-preservativos","8":"first","9":"instock","10":"shipping-taxable","11":"purchasable","12":"product-type-simple"},"_links":{"self":[{"href":"https:\/\/www.merkafarma.com\/blog\/wp-json\/wp\/v2\/product\/803","targetHints":{"allow":["GET"]}}],"collection":[{"href":"https:\/\/www.merkafarma.com\/blog\/wp-json\/wp\/v2\/product"}],"about":[{"href":"https:\/\/www.merkafarma.com\/blog\/wp-json\/wp\/v2\/types\/product"}],"replies":[{"embeddable":true,"href":"https:\/\/www.merkafarma.com\/blog\/wp-json\/wp\/v2\/comments?post=803"}],"wp:featuredmedia":[{"embeddable":true,"href":"https:\/\/www.merkafarma.com\/blog\/wp-json\/wp\/v2\/media\/804"}],"wp:attachment":[{"href":"https:\/\/www.merkafarma.com\/blog\/wp-json\/wp\/v2\/media?parent=803"}],"wp:term":[{"taxonomy":"product_brand","embeddable":true,"href":"https:\/\/www.merkafarma.com\/blog\/wp-json\/wp\/v2\/product_brand?post=803"},{"taxonomy":"product_cat","embeddable":true,"href":"https:\/\/www.merkafarma.com\/blog\/wp-json\/wp\/v2\/product_cat?post=803"},{"taxonomy":"product_tag","embeddable":true,"href":"https:\/\/www.merkafarma.com\/blog\/wp-json\/wp\/v2\/product_tag?post=803"}],"curies":[{"name":"wp","href":"https:\/\/api.w.org\/{rel}","templated":true}]}}