{"id":822,"date":"2024-04-26T16:47:12","date_gmt":"2024-04-26T16:47:12","guid":{"rendered":"https:\/\/www.merkafarma.com\/blog\/?post_type=product&#038;p=822"},"modified":"2024-04-26T16:47:12","modified_gmt":"2024-04-26T16:47:12","slug":"kadela-2x1-oferta-exclusiva","status":"publish","type":"product","link":"https:\/\/www.merkafarma.com\/blog\/producto\/kadela-2x1-oferta-exclusiva\/","title":{"rendered":"Kadela 2&#215;1 Oferta Exclusiva"},"content":{"rendered":"<p>Kadela\u00ae Fotoprotector en Crema<\/p>\n<p>Kadela\u00ae es el protector solar con el FPS m\u00e1s alto que cuida tu piel de los rayos UVB y UVA emitidos por la radiaci\u00f3n solar.<\/p>\n<p>Su avanzada f\u00f3rmula ayuda a bloquear los rayos UVB y UVA que emite la radiaci\u00f3n solar, evitando que tu piel sufra quemaduras. Dejando una piel suave e hidratada al instante, sin la sensaci\u00f3n grasosa.<\/p>\n<p>Caracter\u00edsticas: Textura espesa y ligera de f\u00e1cil absorci\u00f3n con agradable aroma a coco.<\/p>\n<p>Ideal para: Toda la familia. Para su uso en ni\u00f1os menores de 6 meses, consulte a su m\u00e9dico.<\/p>\n<p>Aplicaci\u00f3n: 30 minutos antes de la exposici\u00f3n a actividades al aire libre. Reaplicar cada 2 horas al transpirar, nadar y\/o secarse con una toalla.<\/p>\n<p>V\u00eda de administraci\u00f3n: Cut\u00e1nea.<\/p>\n<p>Modo de empleo: Aplicar regularmente en el cuerpo las veces que se desee.<\/p>\n<p>Instrucciones de uso: Aplicar una cantidad generosa sobre la palma de la mano y distribuir por todo el cuerpo realizando movimientos circulares hasta su absorci\u00f3n.<\/p>\n<p>Precauciones: Para uso externo \u00fanicamente. Evitar el \u00e1rea de los ojos y mucosas. No se aplique sobre la piel irritada o lastimada. No ingerir.<\/p>\n<p>Restricciones: En caso de alergia a los componentes. Suspender el uso si se presentan signos de irritaci\u00f3n.<\/p>\n<p>Ingredientes: Agua Desionizada, \u00d3xido de Zinc, Glicerina, Dimeticona, Etilhexil Metoxicinamato, \u00c1cido Este\u00e1rico, Tridecil Trimelitato, Octocrileno, Dimetilsililato De S\u00edlice, Aceite de Semilla de Simmondsia Chinensis (Jojoba), Propilenglicol, Butilmetoxidibenzoilmetano, Peg-75 Lanolina, Estearato de Glicerilo, Alcohol Cet\u00edlico, Silicato de Aluminio y Magnesio, \u00c1cido C\u00edtrico, Fenoxietanol y Etilhexilglicerina, Hidroxietilcelulosa, Trietanolamina, EDTA Tetras\u00f3dico, Bht y Fragancia de Coco.<\/p>\n<p>Presentaci\u00f3n: Envase con 120 ml.<\/p>\n<p>Garant\u00eda del vendedor: 15 d\u00edas<\/p>\n<p>Garant\u00eda del vendedor: 15 d\u00edas<\/p>\n","protected":false},"excerpt":{"rendered":"<p>Kadela\u00ae Fotoprotector en Crema<\/p>\n","protected":false},"featured_media":823,"comment_status":"open","ping_status":"closed","template":"","meta":[],"product_brand":[],"product_cat":[15],"product_tag":[],"class_list":{"0":"post-822","1":"product","2":"type-product","3":"status-publish","4":"has-post-thumbnail","6":"product_cat-sin-categorizar","8":"first","9":"instock","10":"sale","11":"shipping-taxable","12":"purchasable","13":"product-type-simple"},"_links":{"self":[{"href":"https:\/\/www.merkafarma.com\/blog\/wp-json\/wp\/v2\/product\/822","targetHints":{"allow":["GET"]}}],"collection":[{"href":"https:\/\/www.merkafarma.com\/blog\/wp-json\/wp\/v2\/product"}],"about":[{"href":"https:\/\/www.merkafarma.com\/blog\/wp-json\/wp\/v2\/types\/product"}],"replies":[{"embeddable":true,"href":"https:\/\/www.merkafarma.com\/blog\/wp-json\/wp\/v2\/comments?post=822"}],"wp:featuredmedia":[{"embeddable":true,"href":"https:\/\/www.merkafarma.com\/blog\/wp-json\/wp\/v2\/media\/823"}],"wp:attachment":[{"href":"https:\/\/www.merkafarma.com\/blog\/wp-json\/wp\/v2\/media?parent=822"}],"wp:term":[{"taxonomy":"product_brand","embeddable":true,"href":"https:\/\/www.merkafarma.com\/blog\/wp-json\/wp\/v2\/product_brand?post=822"},{"taxonomy":"product_cat","embeddable":true,"href":"https:\/\/www.merkafarma.com\/blog\/wp-json\/wp\/v2\/product_cat?post=822"},{"taxonomy":"product_tag","embeddable":true,"href":"https:\/\/www.merkafarma.com\/blog\/wp-json\/wp\/v2\/product_tag?post=822"}],"curies":[{"name":"wp","href":"https:\/\/api.w.org\/{rel}","templated":true}]}}