{"id":836,"date":"2024-04-26T17:36:19","date_gmt":"2024-04-26T17:36:19","guid":{"rendered":"https:\/\/www.merkafarma.com\/blog\/?post_type=product&#038;p=836"},"modified":"2024-04-26T17:36:19","modified_gmt":"2024-04-26T17:36:19","slug":"pediasure-alimentacion-especializada-vainilla-en-polvo-400g","status":"publish","type":"product","link":"https:\/\/www.merkafarma.com\/blog\/producto\/pediasure-alimentacion-especializada-vainilla-en-polvo-400g\/","title":{"rendered":"Pediasure Alimentaci\u00f3n Especializada Vainilla En Polvo 400g"},"content":{"rendered":"<p>PediaSure es una f\u00f3rmula para alimentaci\u00f3n especializada para ni\u00f1os de 1 a 10 a\u00f1os con deficiencias nutrimentales que impactan su crecimiento.<\/p>\n<p>Ahora reforzado con Arginina y Vitamina K2 para apoyar el sano crecimiento de los huesos.<\/p>\n<p>\u2022 Contiene los 5 grupos de nutrientes esenciales.<br \/>\n\u2022 Reforzado con Arginina y Vitamina K2 que apoyan el crecimiento de sus huesos.<br \/>\n\u2022 Con prebi\u00f3ticos.<br \/>\n\u2022 Fortalece su sistema inmune.<br \/>\n\u2022 Resultados visibles en 8 semanas.<\/p>\n<p>Aviso legal<br \/>\n\u2022 Este producto es un suplemento dietario, no es un medicamento. Suplementa dietas insuficientes. Consulte a su m\u00e9dico y\/o farmac\u00e9utico<\/p>\n","protected":false},"excerpt":{"rendered":"<ul class=\"ui-vpp-highlighted-specs__features-list\">\n<li class=\"ui-vpp-highlighted-specs__features-list-item ui-pdp-color--BLACK ui-pdp-size--XSMALL ui-pdp-family--REGULAR\">Peso neto: 400 g<\/li>\n<li class=\"ui-vpp-highlighted-specs__features-list-item ui-pdp-color--BLACK ui-pdp-size--XSMALL ui-pdp-family--REGULAR\">Unidades por pack: 1<\/li>\n<li class=\"ui-vpp-highlighted-specs__features-list-item ui-pdp-color--BLACK ui-pdp-size--XSMALL ui-pdp-family--REGULAR\">Unidades por envase: 1<\/li>\n<li class=\"ui-vpp-highlighted-specs__features-list-item ui-pdp-color--BLACK ui-pdp-size--XSMALL ui-pdp-family--REGULAR\">Formato de venta: Unidad<\/li>\n<li class=\"ui-vpp-highlighted-specs__features-list-item ui-pdp-color--BLACK ui-pdp-size--XSMALL ui-pdp-family--REGULAR\">Sabor: Vainilla<\/li>\n<li class=\"ui-vpp-highlighted-specs__features-list-item ui-pdp-color--BLACK ui-pdp-size--XSMALL ui-pdp-family--REGULAR\">Tipo de envase: Lata<\/li>\n<li class=\"ui-vpp-highlighted-specs__features-list-item ui-pdp-color--BLACK ui-pdp-size--XSMALL ui-pdp-family--REGULAR\">Componente principal: vitaminas y minerales.<\/li>\n<li class=\"ui-vpp-highlighted-specs__features-list-item ui-pdp-color--BLACK ui-pdp-size--XSMALL ui-pdp-family--REGULAR\">Libre de gluten y lactosa.<\/li>\n<li class=\"ui-vpp-highlighted-specs__features-list-item ui-pdp-color--BLACK ui-pdp-size--XSMALL ui-pdp-family--REGULAR\">Producto vegano.<\/li>\n<li class=\"ui-vpp-highlighted-specs__features-list-item ui-pdp-color--BLACK ui-pdp-size--XSMALL ui-pdp-family--REGULAR\">Edad m\u00ednima recomendada: 1 a\u00f1os.<\/li>\n<\/ul>\n","protected":false},"featured_media":837,"comment_status":"open","ping_status":"closed","template":"","meta":[],"product_brand":[],"product_cat":[15],"product_tag":[],"class_list":{"0":"post-836","1":"product","2":"type-product","3":"status-publish","4":"has-post-thumbnail","6":"product_cat-sin-categorizar","8":"first","9":"instock","10":"shipping-taxable","11":"purchasable","12":"product-type-simple"},"_links":{"self":[{"href":"https:\/\/www.merkafarma.com\/blog\/wp-json\/wp\/v2\/product\/836","targetHints":{"allow":["GET"]}}],"collection":[{"href":"https:\/\/www.merkafarma.com\/blog\/wp-json\/wp\/v2\/product"}],"about":[{"href":"https:\/\/www.merkafarma.com\/blog\/wp-json\/wp\/v2\/types\/product"}],"replies":[{"embeddable":true,"href":"https:\/\/www.merkafarma.com\/blog\/wp-json\/wp\/v2\/comments?post=836"}],"wp:featuredmedia":[{"embeddable":true,"href":"https:\/\/www.merkafarma.com\/blog\/wp-json\/wp\/v2\/media\/837"}],"wp:attachment":[{"href":"https:\/\/www.merkafarma.com\/blog\/wp-json\/wp\/v2\/media?parent=836"}],"wp:term":[{"taxonomy":"product_brand","embeddable":true,"href":"https:\/\/www.merkafarma.com\/blog\/wp-json\/wp\/v2\/product_brand?post=836"},{"taxonomy":"product_cat","embeddable":true,"href":"https:\/\/www.merkafarma.com\/blog\/wp-json\/wp\/v2\/product_cat?post=836"},{"taxonomy":"product_tag","embeddable":true,"href":"https:\/\/www.merkafarma.com\/blog\/wp-json\/wp\/v2\/product_tag?post=836"}],"curies":[{"name":"wp","href":"https:\/\/api.w.org\/{rel}","templated":true}]}}