{"id":838,"date":"2024-04-26T17:40:08","date_gmt":"2024-04-26T17:40:08","guid":{"rendered":"https:\/\/www.merkafarma.com\/blog\/?post_type=product&#038;p=838"},"modified":"2024-04-26T17:40:08","modified_gmt":"2024-04-26T17:40:08","slug":"leche-de-formula-en-polvo-abbott-similac-ar-en-lata-de-1-de-375g-0-a-12-meses","status":"publish","type":"product","link":"https:\/\/www.merkafarma.com\/blog\/producto\/leche-de-formula-en-polvo-abbott-similac-ar-en-lata-de-1-de-375g-0-a-12-meses\/","title":{"rendered":"Leche de f\u00f3rmula en polvo Abbott Similac AR en lata de 1 de 375g &#8211; 0 a 12 meses"},"content":{"rendered":"<p>Similac te ofrece una f\u00f3rmula especialmente dise\u00f1ada para cuidar el sistema digestivo de tu lactante. Este producto puede ser una buena opci\u00f3n si tu beb\u00e9 tiene dificultad para tolerar otras f\u00f3rmulas a base de leche.<\/p>\n<p>Nutrici\u00f3n de primer nivel<br \/>\nDebido a su formato en polvo, este tipo de leche se conservar\u00e1 durante m\u00e1s tiempo, sin necesidad de ser refrigerada. A su vez, podr\u00e1s transportarla con gran facilidad y solo necesitar\u00e1s un poco de agua caliente para prepararla.<\/p>\n<p>El alimento que tu beb\u00e9 necesita<br \/>\nSimilac AR est\u00e1 especialmente formulada para la nutrici\u00f3n de beb\u00e9s prematuros. Contribuye a una alimentaci\u00f3n equilibrada, y aporta las vitaminas y minerales que tu beb\u00e9 necesita en esta etapa de la vida.<\/p>\n<p>M\u00e1s f\u00e1cil y segura<br \/>\nEl envase de lata est\u00e1 dise\u00f1ado especialmente para hacer la preparaci\u00f3n de la f\u00f3rmula infantil m\u00e1s f\u00e1cil y segura. Una vez abierta, podr\u00e1s conservar la misma garantizando su sabor y consistencia.<\/p>\n<p>Aviso legal<br \/>\n\u2022 Debe administrarse bajo supervisi\u00f3n m\u00e9dica.<\/p>\n","protected":false},"excerpt":{"rendered":"<ul class=\"ui-pdp-features mt-24\">\n<li class=\"ui-pdp-features__item\">Alimento espec\u00edfico para beb\u00e9s prematuros.<\/li>\n<li class=\"ui-pdp-features__item\">Tipo de envase: lata.<\/li>\n<li class=\"ui-pdp-features__item\">Fuente importante de energ\u00eda.<\/li>\n<li class=\"ui-pdp-features__item\">Colabora en el desarrollo nutricional.<\/li>\n<li class=\"ui-pdp-features__item\">Las im\u00e1genes pueden ser ilustrativas.<\/li>\n<\/ul>\n","protected":false},"featured_media":839,"comment_status":"open","ping_status":"closed","template":"","meta":[],"product_brand":[],"product_cat":[23],"product_tag":[],"class_list":{"0":"post-838","1":"product","2":"type-product","3":"status-publish","4":"has-post-thumbnail","6":"product_cat-bebes","8":"first","9":"instock","10":"shipping-taxable","11":"purchasable","12":"product-type-simple"},"_links":{"self":[{"href":"https:\/\/www.merkafarma.com\/blog\/wp-json\/wp\/v2\/product\/838","targetHints":{"allow":["GET"]}}],"collection":[{"href":"https:\/\/www.merkafarma.com\/blog\/wp-json\/wp\/v2\/product"}],"about":[{"href":"https:\/\/www.merkafarma.com\/blog\/wp-json\/wp\/v2\/types\/product"}],"replies":[{"embeddable":true,"href":"https:\/\/www.merkafarma.com\/blog\/wp-json\/wp\/v2\/comments?post=838"}],"wp:featuredmedia":[{"embeddable":true,"href":"https:\/\/www.merkafarma.com\/blog\/wp-json\/wp\/v2\/media\/839"}],"wp:attachment":[{"href":"https:\/\/www.merkafarma.com\/blog\/wp-json\/wp\/v2\/media?parent=838"}],"wp:term":[{"taxonomy":"product_brand","embeddable":true,"href":"https:\/\/www.merkafarma.com\/blog\/wp-json\/wp\/v2\/product_brand?post=838"},{"taxonomy":"product_cat","embeddable":true,"href":"https:\/\/www.merkafarma.com\/blog\/wp-json\/wp\/v2\/product_cat?post=838"},{"taxonomy":"product_tag","embeddable":true,"href":"https:\/\/www.merkafarma.com\/blog\/wp-json\/wp\/v2\/product_tag?post=838"}],"curies":[{"name":"wp","href":"https:\/\/api.w.org\/{rel}","templated":true}]}}